{"id":14181,"date":"2023-08-20T02:48:26","date_gmt":"2023-08-20T00:48:26","guid":{"rendered":"https:\/\/humboldt-greifswald.de\/web\/?page_id=14181"},"modified":"2023-08-20T15:21:42","modified_gmt":"2023-08-20T13:21:42","slug":"chor","status":"publish","type":"page","link":"https:\/\/humboldt-greifswald.de\/web\/chor\/","title":{"rendered":"Chor"},"content":{"rendered":"\t\t<div data-elementor-type=\"wp-page\" data-elementor-id=\"14181\" class=\"elementor elementor-14181\">\n\t\t\t\t<div class=\"elementor-element elementor-element-9291cb3 e-flex e-con-boxed e-con e-parent\" data-id=\"9291cb3\" data-element_type=\"container\" data-e-type=\"container\">\n\t\t\t\t\t<div class=\"e-con-inner\">\n\t\t\t\t<div class=\"elementor-element elementor-element-924fad7 elementor-widget elementor-widget-text-editor\" data-id=\"924fad7\" data-element_type=\"widget\" data-e-type=\"widget\" data-widget_type=\"text-editor.default\">\n\t\t\t\t<div class=\"elementor-widget-container\">\n\t\t\t\t\t\t\t\t\tIm Fachbereich Musik unserer Schule findet unter Leitung von Frau K\u00f6rber donnerstags in der 7. \/ 8. Stunde f\u00fcr Musikensemble und den Wahlpflichtunterricht Kl. 9 bis 12 im Saal die Chorprobe statt. Das Repertoire reicht von einstimmigen bis anspruchsvollen vierstimmigen S\u00e4tzen durch fast alle Epochen bis hin zu Gospel- Rock-, Pop- und Jazzversionen. Es gibt j\u00e4hrliche Auftritte wie das Weihnachtskonzert, die Stunde der Musik und die Feierliche \u00dcbergabe der Abiturzeugnisse, aber auch die Unterst\u00fctzung von Abisupport \u2013 Abenden oder wie letztes Schuljahr die Teilnahme am Vorpommerschen Chortreffen.\t\t\t\t\t\t\t\t<\/div>\n\t\t\t\t<\/div>\n\t\t\t\t<div class=\"elementor-element elementor-element-3c57d87 elementor-widget elementor-widget-image\" data-id=\"3c57d87\" data-element_type=\"widget\" data-e-type=\"widget\" data-widget_type=\"image.default\">\n\t\t\t\t<div class=\"elementor-widget-container\">\n\t\t\t\t\t\t\t\t\t\t\t\t\t\t\t<img fetchpriority=\"high\" decoding=\"async\" width=\"640\" height=\"640\" src=\"https:\/\/humboldt-greifswald.de\/web\/wp-content\/uploads\/2023\/08\/Chor18-1024x1024.jpg\" class=\"attachment-large size-large wp-image-14329\" alt=\"\" srcset=\"https:\/\/humboldt-greifswald.de\/web\/wp-content\/uploads\/2023\/08\/Chor18-1024x1024.jpg 1024w, https:\/\/humboldt-greifswald.de\/web\/wp-content\/uploads\/2023\/08\/Chor18-300x300.jpg 300w, https:\/\/humboldt-greifswald.de\/web\/wp-content\/uploads\/2023\/08\/Chor18-150x150.jpg 150w, https:\/\/humboldt-greifswald.de\/web\/wp-content\/uploads\/2023\/08\/Chor18-768x768.jpg 768w, https:\/\/humboldt-greifswald.de\/web\/wp-content\/uploads\/2023\/08\/Chor18-1536x1536.jpg 1536w, https:\/\/humboldt-greifswald.de\/web\/wp-content\/uploads\/2023\/08\/Chor18-2048x2048.jpg 2048w, https:\/\/humboldt-greifswald.de\/web\/wp-content\/uploads\/2023\/08\/Chor18-600x600.jpg 600w, https:\/\/humboldt-greifswald.de\/web\/wp-content\/uploads\/2023\/08\/Chor18-100x100.jpg 100w, https:\/\/humboldt-greifswald.de\/web\/wp-content\/uploads\/2023\/08\/Chor18-51x51.jpg 51w, https:\/\/humboldt-greifswald.de\/web\/wp-content\/uploads\/2023\/08\/Chor18-1500x1500.jpg 1500w\" sizes=\"(max-width: 640px) 100vw, 640px\" \/>\t\t\t\t\t\t\t\t\t\t\t\t\t\t\t<\/div>\n\t\t\t\t<\/div>\n\t\t\t\t\t<\/div>\n\t\t\t\t<\/div>\n\t\t<div class=\"elementor-element elementor-element-e04c763 e-flex e-con-boxed e-con e-parent\" data-id=\"e04c763\" data-element_type=\"container\" data-e-type=\"container\">\n\t\t\t\t\t<div class=\"e-con-inner\">\n\t\t\t\t<div class=\"elementor-element elementor-element-68434a7 feature-one-post-no thim-ekits-post__thumbnail-position-top elementor-widget elementor-widget-thim-ekits-list-blog\" data-id=\"68434a7\" data-element_type=\"widget\" data-e-type=\"widget\" data-widget_type=\"thim-ekits-list-blog.default\">\n\t\t\t\t<div class=\"elementor-widget-container\">\n\t\t\t\t\t\t\t\t<div class=\"thim-ekits-post\">\n\t\t\t\t<div class=\"thim-ekits-post__inner\">\n\t\t\t\t\t\t\t<div class=\"thim-ekits-post__article post-15593 post type-post status-publish format-standard has-post-thumbnail hentry category-chor category-kultur\">\n\t\t\t\t\t\t\t\t\t<div class=\"thim-ekits-post__thumbnail\">\n\t\t\t<a class=\"post-thumbnail\"\n\t\t\t   href=\"https:\/\/humboldt-greifswald.de\/web\/unsere-choere-und-das-orchester-der-komischen-oper-berlin-bei-der-greifswalder-bach-woche\/\" >\n\t\t\t\t<img decoding=\"async\" width=\"225\" height=\"300\" src=\"https:\/\/humboldt-greifswald.de\/web\/wp-content\/uploads\/2024\/06\/PHOTO-2024-06-03-11-13-01-225x300.jpg\" class=\"attachment-medium size-medium wp-image-15594\" alt=\"\" srcset=\"https:\/\/humboldt-greifswald.de\/web\/wp-content\/uploads\/2024\/06\/PHOTO-2024-06-03-11-13-01-225x300.jpg 225w, https:\/\/humboldt-greifswald.de\/web\/wp-content\/uploads\/2024\/06\/PHOTO-2024-06-03-11-13-01-768x1024.jpg 768w, https:\/\/humboldt-greifswald.de\/web\/wp-content\/uploads\/2024\/06\/PHOTO-2024-06-03-11-13-01-1152x1536.jpg 1152w, https:\/\/humboldt-greifswald.de\/web\/wp-content\/uploads\/2024\/06\/PHOTO-2024-06-03-11-13-01-600x800.jpg 600w, https:\/\/humboldt-greifswald.de\/web\/wp-content\/uploads\/2024\/06\/PHOTO-2024-06-03-11-13-01.jpg 1200w\" sizes=\"(max-width: 225px) 100vw, 225px\" \/>\t\t\t<\/a>\n\t\t\t\t\t<\/div>\n\t\t\n\t\t\t\t\t\t<div class=\"thim-ekits-post__content\">\n\t\t\t\t<h3 class=\"thim-ekits-post__title\">\n\t\t<a href=\"https:\/\/humboldt-greifswald.de\/web\/unsere-choere-und-das-orchester-der-komischen-oper-berlin-bei-der-greifswalder-bach-woche\/\" >\n\t\t\tUnsere Ch\u00f6re und das Orchester der Komischen Oper Berlin bei der Greifswalder Bach-Woche\t\t<\/a>\n\t\t<\/h3>\n\t\t \t\t<div class=\"thim-ekits-post__meta elementor-repeater-item-56ebd76 m-psi-start \">\n\t\t\t\n\t\t<span class=\"thim-ekits-post__date\">\n\t\t\t\t\t\t11. Juni 2024\t\t<\/span>\n\n\t\t\t\t<\/div>\n\n\t\t\n\t\t<div class=\"thim-ekits-post__excerpt\">\n\t\t\tIm Rahmen der Greifswalder Bach-Woche konnten die beiden Schulch\u00f6re die Kantate &#8222;Herz und Mund und Tat und Leben&#8220; BWV 147 musizieren. Das Orchester der komischen...\t\t<\/div>\n\n\t\t\t\t<\/div>\n\t\t\t\t\t\t\t<\/div>\n\t\t\t\t<div class=\"thim-ekits-post__article post-14334 post type-post status-publish format-standard has-post-thumbnail hentry category-chor\">\n\t\t\t\t\t\t\t\t\t<div class=\"thim-ekits-post__thumbnail\">\n\t\t\t<a class=\"post-thumbnail\"\n\t\t\t   href=\"https:\/\/humboldt-greifswald.de\/web\/weihnachtskonzert-2020\/\" >\n\t\t\t\t<img decoding=\"async\" width=\"300\" height=\"169\" src=\"https:\/\/humboldt-greifswald.de\/web\/wp-content\/uploads\/2023\/08\/Weihnachtskonzert-2020_11-300x169.jpg\" class=\"attachment-medium size-medium wp-image-14359\" alt=\"\" srcset=\"https:\/\/humboldt-greifswald.de\/web\/wp-content\/uploads\/2023\/08\/Weihnachtskonzert-2020_11-300x169.jpg 300w, https:\/\/humboldt-greifswald.de\/web\/wp-content\/uploads\/2023\/08\/Weihnachtskonzert-2020_11-1024x577.jpg 1024w, https:\/\/humboldt-greifswald.de\/web\/wp-content\/uploads\/2023\/08\/Weihnachtskonzert-2020_11-768x432.jpg 768w, https:\/\/humboldt-greifswald.de\/web\/wp-content\/uploads\/2023\/08\/Weihnachtskonzert-2020_11-1536x865.jpg 1536w, https:\/\/humboldt-greifswald.de\/web\/wp-content\/uploads\/2023\/08\/Weihnachtskonzert-2020_11-600x338.jpg 600w, https:\/\/humboldt-greifswald.de\/web\/wp-content\/uploads\/2023\/08\/Weihnachtskonzert-2020_11.jpg 1632w\" sizes=\"(max-width: 300px) 100vw, 300px\" \/>\t\t\t<\/a>\n\t\t\t\t\t<\/div>\n\t\t\n\t\t\t\t\t\t<div class=\"thim-ekits-post__content\">\n\t\t\t\t<h3 class=\"thim-ekits-post__title\">\n\t\t<a href=\"https:\/\/humboldt-greifswald.de\/web\/weihnachtskonzert-2020\/\" >\n\t\t\tWeihnachtskonzert 2020\t\t<\/a>\n\t\t<\/h3>\n\t\t \t\t<div class=\"thim-ekits-post__meta elementor-repeater-item-56ebd76 m-psi-start \">\n\t\t\t\n\t\t<span class=\"thim-ekits-post__date\">\n\t\t\t\t\t\t20. Dezember 2020\t\t<\/span>\n\n\t\t\t\t<\/div>\n\n\t\t\n\t\t<div class=\"thim-ekits-post__excerpt\">\n\t\t\tIm Rahmen des Weihnachtskonzertes 2020, im Saal unserer Schule fand am 3. Dezember eine Fotosession statt.\t\t<\/div>\n\n\t\t\t\t<\/div>\n\t\t\t\t\t\t\t<\/div>\n\t\t\t\t<div class=\"thim-ekits-post__article post-14378 post type-post status-publish format-standard has-post-thumbnail hentry category-chor\">\n\t\t\t\t\t\t\t\t\t<div class=\"thim-ekits-post__thumbnail\">\n\t\t\t<a class=\"post-thumbnail\"\n\t\t\t   href=\"https:\/\/humboldt-greifswald.de\/web\/weihnachtskonzert-2017-mit-hoerprobe\/\" >\n\t\t\t\t<img loading=\"lazy\" decoding=\"async\" width=\"300\" height=\"225\" src=\"https:\/\/humboldt-greifswald.de\/web\/wp-content\/uploads\/2017\/12\/Weihnachten_2017-300x225.jpg\" class=\"attachment-medium size-medium wp-image-14381\" alt=\"\" srcset=\"https:\/\/humboldt-greifswald.de\/web\/wp-content\/uploads\/2017\/12\/Weihnachten_2017-300x225.jpg 300w, https:\/\/humboldt-greifswald.de\/web\/wp-content\/uploads\/2017\/12\/Weihnachten_2017-1024x768.jpg 1024w, https:\/\/humboldt-greifswald.de\/web\/wp-content\/uploads\/2017\/12\/Weihnachten_2017-768x576.jpg 768w, https:\/\/humboldt-greifswald.de\/web\/wp-content\/uploads\/2017\/12\/Weihnachten_2017-400x300.jpg 400w, https:\/\/humboldt-greifswald.de\/web\/wp-content\/uploads\/2017\/12\/Weihnachten_2017-600x450.jpg 600w, https:\/\/humboldt-greifswald.de\/web\/wp-content\/uploads\/2017\/12\/Weihnachten_2017.jpg 1280w\" sizes=\"(max-width: 300px) 100vw, 300px\" \/>\t\t\t<\/a>\n\t\t\t\t\t<\/div>\n\t\t\n\t\t\t\t\t\t<div class=\"thim-ekits-post__content\">\n\t\t\t\t<h3 class=\"thim-ekits-post__title\">\n\t\t<a href=\"https:\/\/humboldt-greifswald.de\/web\/weihnachtskonzert-2017-mit-hoerprobe\/\" >\n\t\t\tWeihnachtskonzert 2017 (mit H\u00f6rprobe!)\t\t<\/a>\n\t\t<\/h3>\n\t\t \t\t<div class=\"thim-ekits-post__meta elementor-repeater-item-56ebd76 m-psi-start \">\n\t\t\t\n\t\t<span class=\"thim-ekits-post__date\">\n\t\t\t\t\t\t20. Dezember 2017\t\t<\/span>\n\n\t\t\t\t<\/div>\n\n\t\t\n\t\t<div class=\"thim-ekits-post__excerpt\">\n\t\t\tKompositionen von Fr\u00e9d\u00e9ric Chopin, Georg Michael Bach, Ludovico Einaudi und noch vielen mehr konnten wir am 07. Dezember 2017 in der Aula beim Weihnachtskonzert unseres...\t\t<\/div>\n\n\t\t\t\t<\/div>\n\t\t\t\t\t\t\t<\/div>\n\t\t\t\t\t\t<\/div>\n\t\t\t<\/div>\n\n\t\t\t\t\t\t\t<\/div>\n\t\t\t\t<\/div>\n\t\t\t\t\t<\/div>\n\t\t\t\t<\/div>\n\t\t\t\t<\/div>\n\t\t","protected":false},"excerpt":{"rendered":"<p>Im Fachbereich Musik unserer Schule findet unter Leitung von Frau K\u00f6rber donnerstags in der 7. \/ 8. Stunde f\u00fcr Musikensemble und den Wahlpflichtunterricht Kl. 9 bis 12 im Saal die Chorprobe statt. Das Repertoire reicht von einstimmigen bis anspruchsvollen vierstimmigen &hellip; <\/p>\n","protected":false},"author":1,"featured_media":0,"parent":0,"menu_order":0,"comment_status":"closed","ping_status":"closed","template":"","meta":{"footnotes":""},"class_list":["post-14181","page","type-page","status-publish","hentry"],"_links":{"self":[{"href":"https:\/\/humboldt-greifswald.de\/web\/wp-json\/wp\/v2\/pages\/14181","targetHints":{"allow":["GET"]}}],"collection":[{"href":"https:\/\/humboldt-greifswald.de\/web\/wp-json\/wp\/v2\/pages"}],"about":[{"href":"https:\/\/humboldt-greifswald.de\/web\/wp-json\/wp\/v2\/types\/page"}],"author":[{"embeddable":true,"href":"https:\/\/humboldt-greifswald.de\/web\/wp-json\/wp\/v2\/users\/1"}],"replies":[{"embeddable":true,"href":"https:\/\/humboldt-greifswald.de\/web\/wp-json\/wp\/v2\/comments?post=14181"}],"version-history":[{"count":7,"href":"https:\/\/humboldt-greifswald.de\/web\/wp-json\/wp\/v2\/pages\/14181\/revisions"}],"predecessor-version":[{"id":14374,"href":"https:\/\/humboldt-greifswald.de\/web\/wp-json\/wp\/v2\/pages\/14181\/revisions\/14374"}],"wp:attachment":[{"href":"https:\/\/humboldt-greifswald.de\/web\/wp-json\/wp\/v2\/media?parent=14181"}],"curies":[{"name":"wp","href":"https:\/\/api.w.org\/{rel}","templated":true}]}}

<div data-elementor-type="wp-page" data-elementor-id="14181" class="elementor elementor-14181">
				<div class="elementor-element elementor-element-9291cb3 e-flex e-con-boxed e-con e-parent" data-id="9291cb3" data-element_type="container" data-e-type="container">
					<div class="e-con-inner">
				<div class="elementor-element elementor-element-924fad7 elementor-widget elementor-widget-text-editor" data-id="924fad7" data-element_type="widget" data-e-type="widget" data-widget_type="text-editor.default">
				<div class="elementor-widget-container">
									Im Fachbereich Musik unserer Schule findet unter Leitung von Frau Körber donnerstags in der 7. / 8. Stunde für Musikensemble und den Wahlpflichtunterricht Kl. 9 bis 12 im Saal die Chorprobe statt. Das Repertoire reicht von einstimmigen bis anspruchsvollen vierstimmigen Sätzen durch fast alle Epochen bis hin zu Gospel- Rock-, Pop- und Jazzversionen. Es gibt jährliche Auftritte wie das Weihnachtskonzert, die Stunde der Musik und die Feierliche Übergabe der Abiturzeugnisse, aber auch die Unterstützung von Abisupport – Abenden oder wie letztes Schuljahr die Teilnahme am Vorpommerschen Chortreffen.								</div>
				</div>
				<div class="elementor-element elementor-element-3c57d87 elementor-widget elementor-widget-image" data-id="3c57d87" data-element_type="widget" data-e-type="widget" data-widget_type="image.default">
				<div class="elementor-widget-container">
															<img fetchpriority="high" decoding="async" width="640" height="640" src="https://humboldt-greifswald.de/web/wp-content/uploads/2023/08/Chor18-1024x1024.jpg" class="attachment-large size-large wp-image-14329" alt="" srcset="https://humboldt-greifswald.de/web/wp-content/uploads/2023/08/Chor18-1024x1024.jpg 1024w, https://humboldt-greifswald.de/web/wp-content/uploads/2023/08/Chor18-300x300.jpg 300w, https://humboldt-greifswald.de/web/wp-content/uploads/2023/08/Chor18-150x150.jpg 150w, https://humboldt-greifswald.de/web/wp-content/uploads/2023/08/Chor18-768x768.jpg 768w, https://humboldt-greifswald.de/web/wp-content/uploads/2023/08/Chor18-1536x1536.jpg 1536w, https://humboldt-greifswald.de/web/wp-content/uploads/2023/08/Chor18-2048x2048.jpg 2048w, https://humboldt-greifswald.de/web/wp-content/uploads/2023/08/Chor18-600x600.jpg 600w, https://humboldt-greifswald.de/web/wp-content/uploads/2023/08/Chor18-100x100.jpg 100w, https://humboldt-greifswald.de/web/wp-content/uploads/2023/08/Chor18-51x51.jpg 51w, https://humboldt-greifswald.de/web/wp-content/uploads/2023/08/Chor18-1500x1500.jpg 1500w" sizes="(max-width: 640px) 100vw, 640px" />															</div>
				</div>
					</div>
				</div>
		<div class="elementor-element elementor-element-e04c763 e-flex e-con-boxed e-con e-parent" data-id="e04c763" data-element_type="container" data-e-type="container">
					<div class="e-con-inner">
				<div class="elementor-element elementor-element-68434a7 feature-one-post-no thim-ekits-post__thumbnail-position-top elementor-widget elementor-widget-thim-ekits-list-blog" data-id="68434a7" data-element_type="widget" data-e-type="widget" data-widget_type="thim-ekits-list-blog.default">
				<div class="elementor-widget-container">
								<div class="thim-ekits-post">
				<div class="thim-ekits-post__inner">
							<div class="thim-ekits-post__article post-15593 post type-post status-publish format-standard has-post-thumbnail hentry category-chor category-kultur">
									<div class="thim-ekits-post__thumbnail">
			<a class="post-thumbnail"
			   href="https://humboldt-greifswald.de/web/unsere-choere-und-das-orchester-der-komischen-oper-berlin-bei-der-greifswalder-bach-woche/" >
				<img decoding="async" width="225" height="300" src="https://humboldt-greifswald.de/web/wp-content/uploads/2024/06/PHOTO-2024-06-03-11-13-01-225x300.jpg" class="attachment-medium size-medium wp-image-15594" alt="" srcset="https://humboldt-greifswald.de/web/wp-content/uploads/2024/06/PHOTO-2024-06-03-11-13-01-225x300.jpg 225w, https://humboldt-greifswald.de/web/wp-content/uploads/2024/06/PHOTO-2024-06-03-11-13-01-768x1024.jpg 768w, https://humboldt-greifswald.de/web/wp-content/uploads/2024/06/PHOTO-2024-06-03-11-13-01-1152x1536.jpg 1152w, https://humboldt-greifswald.de/web/wp-content/uploads/2024/06/PHOTO-2024-06-03-11-13-01-600x800.jpg 600w, https://humboldt-greifswald.de/web/wp-content/uploads/2024/06/PHOTO-2024-06-03-11-13-01.jpg 1200w" sizes="(max-width: 225px) 100vw, 225px" />			</a>
					</div>
		
						<div class="thim-ekits-post__content">
				<h3 class="thim-ekits-post__title">
		<a href="https://humboldt-greifswald.de/web/unsere-choere-und-das-orchester-der-komischen-oper-berlin-bei-der-greifswalder-bach-woche/" >
			Unsere Chöre und das Orchester der Komischen Oper Berlin bei der Greifswalder Bach-Woche		</a>
		</h3>
		 		<div class="thim-ekits-post__meta elementor-repeater-item-56ebd76 m-psi-start ">
			
		<span class="thim-ekits-post__date">
						11. Juni 2024		</span>

				</div>

		
		<div class="thim-ekits-post__excerpt">
			Im Rahmen der Greifswalder Bach-Woche konnten die beiden Schulchöre die Kantate &#8222;Herz und Mund und Tat und Leben&#8220; BWV 147 musizieren. Das Orchester der komischen...		</div>

				</div>
							</div>
				<div class="thim-ekits-post__article post-14334 post type-post status-publish format-standard has-post-thumbnail hentry category-chor">
									<div class="thim-ekits-post__thumbnail">
			<a class="post-thumbnail"
			   href="https://humboldt-greifswald.de/web/weihnachtskonzert-2020/" >
				<img decoding="async" width="300" height="169" src="https://humboldt-greifswald.de/web/wp-content/uploads/2023/08/Weihnachtskonzert-2020_11-300x169.jpg" class="attachment-medium size-medium wp-image-14359" alt="" srcset="https://humboldt-greifswald.de/web/wp-content/uploads/2023/08/Weihnachtskonzert-2020_11-300x169.jpg 300w, https://humboldt-greifswald.de/web/wp-content/uploads/2023/08/Weihnachtskonzert-2020_11-1024x577.jpg 1024w, https://humboldt-greifswald.de/web/wp-content/uploads/2023/08/Weihnachtskonzert-2020_11-768x432.jpg 768w, https://humboldt-greifswald.de/web/wp-content/uploads/2023/08/Weihnachtskonzert-2020_11-1536x865.jpg 1536w, https://humboldt-greifswald.de/web/wp-content/uploads/2023/08/Weihnachtskonzert-2020_11-600x338.jpg 600w, https://humboldt-greifswald.de/web/wp-content/uploads/2023/08/Weihnachtskonzert-2020_11.jpg 1632w" sizes="(max-width: 300px) 100vw, 300px" />			</a>
					</div>
		
						<div class="thim-ekits-post__content">
				<h3 class="thim-ekits-post__title">
		<a href="https://humboldt-greifswald.de/web/weihnachtskonzert-2020/" >
			Weihnachtskonzert 2020		</a>
		</h3>
		 		<div class="thim-ekits-post__meta elementor-repeater-item-56ebd76 m-psi-start ">
			
		<span class="thim-ekits-post__date">
						20. Dezember 2020		</span>

				</div>

		
		<div class="thim-ekits-post__excerpt">
			Im Rahmen des Weihnachtskonzertes 2020, im Saal unserer Schule fand am 3. Dezember eine Fotosession statt.		</div>

				</div>
							</div>
				<div class="thim-ekits-post__article post-14378 post type-post status-publish format-standard has-post-thumbnail hentry category-chor">
									<div class="thim-ekits-post__thumbnail">
			<a class="post-thumbnail"
			   href="https://humboldt-greifswald.de/web/weihnachtskonzert-2017-mit-hoerprobe/" >
				<img loading="lazy" decoding="async" width="300" height="225" src="https://humboldt-greifswald.de/web/wp-content/uploads/2017/12/Weihnachten_2017-300x225.jpg" class="attachment-medium size-medium wp-image-14381" alt="" srcset="https://humboldt-greifswald.de/web/wp-content/uploads/2017/12/Weihnachten_2017-300x225.jpg 300w, https://humboldt-greifswald.de/web/wp-content/uploads/2017/12/Weihnachten_2017-1024x768.jpg 1024w, https://humboldt-greifswald.de/web/wp-content/uploads/2017/12/Weihnachten_2017-768x576.jpg 768w, https://humboldt-greifswald.de/web/wp-content/uploads/2017/12/Weihnachten_2017-400x300.jpg 400w, https://humboldt-greifswald.de/web/wp-content/uploads/2017/12/Weihnachten_2017-600x450.jpg 600w, https://humboldt-greifswald.de/web/wp-content/uploads/2017/12/Weihnachten_2017.jpg 1280w" sizes="(max-width: 300px) 100vw, 300px" />			</a>
					</div>
		
						<div class="thim-ekits-post__content">
				<h3 class="thim-ekits-post__title">
		<a href="https://humboldt-greifswald.de/web/weihnachtskonzert-2017-mit-hoerprobe/" >
			Weihnachtskonzert 2017 (mit Hörprobe!)		</a>
		</h3>
		 		<div class="thim-ekits-post__meta elementor-repeater-item-56ebd76 m-psi-start ">
			
		<span class="thim-ekits-post__date">
						20. Dezember 2017		</span>

				</div>

		
		<div class="thim-ekits-post__excerpt">
			Kompositionen von Frédéric Chopin, Georg Michael Bach, Ludovico Einaudi und noch vielen mehr konnten wir am 07. Dezember 2017 in der Aula beim Weihnachtskonzert unseres...		</div>

				</div>
							</div>
						</div>
			</div>

							</div>
				</div>
					</div>
				</div>
				</div>

<p>Im Fachbereich Musik unserer Schule findet unter Leitung von Frau Körber donnerstags in der 7. / 8. Stunde für Musikensemble und den Wahlpflichtunterricht Kl. 9 bis 12 im Saal die Chorprobe statt. Das Repertoire reicht von einstimmigen bis anspruchsvollen vierstimmigen &hellip; </p>
