{"id":14189,"date":"2023-08-20T02:49:46","date_gmt":"2023-08-20T00:49:46","guid":{"rendered":"https:\/\/humboldt-greifswald.de\/web\/?page_id=14189"},"modified":"2025-09-04T09:11:29","modified_gmt":"2025-09-04T07:11:29","slug":"uebergreifende-informationen-der-schulleitung","status":"publish","type":"page","link":"https:\/\/humboldt-greifswald.de\/web\/uebergreifende-informationen-der-schulleitung\/","title":{"rendered":"\u00dcbergreifende Informationen der Schulleitung"},"content":{"rendered":"\t\t<div data-elementor-type=\"wp-page\" data-elementor-id=\"14189\" class=\"elementor elementor-14189\">\n\t\t\t\t<div class=\"elementor-element elementor-element-e6e7ecc e-flex e-con-boxed e-con e-parent\" data-id=\"e6e7ecc\" data-element_type=\"container\" data-e-type=\"container\">\n\t\t\t\t\t<div class=\"e-con-inner\">\n\t\t\t\t<div class=\"elementor-element elementor-element-71cce60 thim-ekits-post__thumbnail-position-none feature-one-post-no elementor-widget elementor-widget-thim-ekits-list-blog\" data-id=\"71cce60\" data-element_type=\"widget\" data-e-type=\"widget\" data-widget_type=\"thim-ekits-list-blog.default\">\n\t\t\t\t<div class=\"elementor-widget-container\">\n\t\t\t\t\t\t\t\t<div class=\"thim-ekits-post\">\n\t\t\t\t<div class=\"thim-ekits-post__inner\">\n\t\t\t\t\t\t\t<div class=\"thim-ekits-post__article post-16268 post type-post status-publish format-standard has-post-thumbnail hentry category-info-schuljahresbeginn\">\n\t\t\t\t\t\t\t\n\t\t\t\t\t\t<div class=\"thim-ekits-post__content\">\n\t\t\t\t<h3 class=\"thim-ekits-post__title\">\n\t\t<a href=\"https:\/\/humboldt-greifswald.de\/web\/informationsveranstaltungen-und-tag-der-offenen-tuer-im-januar-2026\/\" >\n\t\t\tInformationsveranstaltungen und Tag der Offenen T\u00fcr im Januar 2026\t\t<\/a>\n\t\t<\/h3>\n\t\t\n\t\t<div class=\"thim-ekits-post__excerpt\">\n\t\t\tSehr geehrte Eltern, liebe Sch\u00fclerinnen und Sch\u00fcler, in wenigen Wochen stehen Sie, liebe Eltern, steht ihr, liebe Sch\u00fcler vor einer sehr wichtigen Entscheidung. Es geht um die Entscheidung, ob Du eine Schule besuchen willst, die zur Berufs- bzw. Mittleren Reife &hellip;\t\t<\/div>\n\n\t\t\t\t<a class=\"thim-ekits-post__read-more\"\n\t\t   href=\"https:\/\/humboldt-greifswald.de\/web\/informationsveranstaltungen-und-tag-der-offenen-tuer-im-januar-2026\/\" >\n\t\t\tWeiterlesen \u00bb\t\t\t\t\t<\/a>\n\t\t\t\t<\/div>\n\t\t\t\t\t\t\t<\/div>\n\t\t\t\t<div class=\"thim-ekits-post__article post-16219 post type-post status-publish format-standard has-post-thumbnail hentry category-schulleitung\">\n\t\t\t\t\t\t\t\n\t\t\t\t\t\t<div class=\"thim-ekits-post__content\">\n\t\t\t\t<h3 class=\"thim-ekits-post__title\">\n\t\t<a href=\"https:\/\/humboldt-greifswald.de\/web\/neue-informations-praesentationen-fuer-unseren-schulzweig-hochbegabung-verfuegbar\/\" >\n\t\t\tNeue Informations-Pr\u00e4sentationen f\u00fcr unseren Schulzweig Hochbegabung verf\u00fcgbar\t\t<\/a>\n\t\t<\/h3>\n\t\t\n\t\t<div class=\"thim-ekits-post__excerpt\">\n\t\t\tSchauen Sie gern in die neuen Pr\u00e4sentationen der Schule sowie des Schulpsychologischen Dienstes!\t\t<\/div>\n\n\t\t\t\t<a class=\"thim-ekits-post__read-more\"\n\t\t   href=\"https:\/\/humboldt-greifswald.de\/web\/neue-informations-praesentationen-fuer-unseren-schulzweig-hochbegabung-verfuegbar\/\" >\n\t\t\tWeiterlesen \u00bb\t\t\t\t\t<\/a>\n\t\t\t\t<\/div>\n\t\t\t\t\t\t\t<\/div>\n\t\t\t\t<div class=\"thim-ekits-post__article post-16194 post type-post status-publish format-standard hentry category-info-schuljahresbeginn category-schulleitung\">\n\t\t\t\t\t\t\t\n\t\t\t\t\t\t<div class=\"thim-ekits-post__content\">\n\t\t\t\t<h3 class=\"thim-ekits-post__title\">\n\t\t<a href=\"https:\/\/humboldt-greifswald.de\/web\/aktualisierte-infos-zum-schulzweig-hochbegabung-verfuegbar\/\" >\n\t\t\tSchulzweig Hochbegabung l\u00e4dt ein: Infoveranstaltung am Di., 30.09.2025, 19:00 im Saal &#8211; Und: Aktualisierte Dokumente jetzt online!\t\t<\/a>\n\t\t<\/h3>\n\t\t\n\t\t<div class=\"thim-ekits-post__excerpt\">\n\t\t\tWeitere Details sind jetzt auf unserer Seite &#8222;Informationen zum Einstieg&#8220; zu finden!\t\t<\/div>\n\n\t\t\t\t<a class=\"thim-ekits-post__read-more\"\n\t\t   href=\"https:\/\/humboldt-greifswald.de\/web\/aktualisierte-infos-zum-schulzweig-hochbegabung-verfuegbar\/\" >\n\t\t\tWeiterlesen \u00bb\t\t\t\t\t<\/a>\n\t\t\t\t<\/div>\n\t\t\t\t\t\t\t<\/div>\n\t\t\t\t\t\t<\/div>\n\t\t\t<\/div>\n\n\t\t\t\t\t\t\t<\/div>\n\t\t\t\t<\/div>\n\t\t\t\t\t<\/div>\n\t\t\t\t<\/div>\n\t\t<div class=\"elementor-element elementor-element-53fe12d e-flex e-con-boxed e-con e-parent\" data-id=\"53fe12d\" data-element_type=\"container\" data-e-type=\"container\">\n\t\t\t\t\t<div class=\"e-con-inner\">\n\t\t\t\t<div class=\"elementor-element elementor-element-1a6ad66 elementor-widget elementor-widget-heading\" data-id=\"1a6ad66\" data-element_type=\"widget\" data-e-type=\"widget\" data-widget_type=\"heading.default\">\n\t\t\t\t<div class=\"elementor-widget-container\">\n\t\t\t\t\t<h4 class=\"elementor-heading-title elementor-size-default\">Stunden- und Pausenzeiten<\/h4>\t\t\t\t<\/div>\n\t\t\t\t<\/div>\n\t\t\t\t<div class=\"elementor-element elementor-element-829f092 elementor-widget elementor-widget-image\" data-id=\"829f092\" data-element_type=\"widget\" data-e-type=\"widget\" data-widget_type=\"image.default\">\n\t\t\t\t<div class=\"elementor-widget-container\">\n\t\t\t\t\t\t\t\t\t\t\t\t\t\t\t<img decoding=\"async\" src=\"https:\/\/humboldt-greifswald.de\/web\/wp-content\/uploads\/2023\/08\/Pausen-und-Stundenzeiten-AvH-650x250.png\" title=\"Pausen- und Stundenzeiten AvH\" alt=\"Pausen- und Stundenzeiten AvH\" loading=\"lazy\" \/>\t\t\t\t\t\t\t\t\t\t\t\t\t\t\t<\/div>\n\t\t\t\t<\/div>\n\t\t\t\t<div class=\"elementor-element elementor-element-9b3966d elementor-position-inline-start elementor-view-default elementor-mobile-position-block-start elementor-widget elementor-widget-icon-box\" data-id=\"9b3966d\" data-element_type=\"widget\" data-e-type=\"widget\" data-widget_type=\"icon-box.default\">\n\t\t\t\t<div class=\"elementor-widget-container\">\n\t\t\t\t\t\t\t<div class=\"elementor-icon-box-wrapper\">\n\n\t\t\t\t\t\t<div class=\"elementor-icon-box-icon\">\n\t\t\t\t<a href=\"https:\/\/humboldt-greifswald.de\/web\/wp-content\/uploads\/2023\/08\/Schulinterne_Stundentafel_ab_19_20.pdf\" class=\"elementor-icon\" tabindex=\"-1\" aria-label=\"Schulinterne Stundentafel\">\n\t\t\t\t<i aria-hidden=\"true\" class=\"far fa-file\"><\/i>\t\t\t\t<\/a>\n\t\t\t<\/div>\n\t\t\t\n\t\t\t\t\t\t<div class=\"elementor-icon-box-content\">\n\n\t\t\t\t\t\t\t\t\t<h4 class=\"elementor-icon-box-title\">\n\t\t\t\t\t\t<a href=\"https:\/\/humboldt-greifswald.de\/web\/wp-content\/uploads\/2023\/08\/Schulinterne_Stundentafel_ab_19_20.pdf\" >\n\t\t\t\t\t\t\tSchulinterne Stundentafel\t\t\t\t\t\t<\/a>\n\t\t\t\t\t<\/h4>\n\t\t\t\t\n\t\t\t\t\n\t\t\t<\/div>\n\t\t\t\n\t\t<\/div>\n\t\t\t\t\t\t<\/div>\n\t\t\t\t<\/div>\n\t\t\t\t<div class=\"elementor-element elementor-element-4924d70 elementor-position-inline-start elementor-view-default elementor-mobile-position-block-start elementor-widget elementor-widget-icon-box\" data-id=\"4924d70\" data-element_type=\"widget\" data-e-type=\"widget\" data-widget_type=\"icon-box.default\">\n\t\t\t\t<div class=\"elementor-widget-container\">\n\t\t\t\t\t\t\t<div class=\"elementor-icon-box-wrapper\">\n\n\t\t\t\t\t\t<div class=\"elementor-icon-box-icon\">\n\t\t\t\t<a href=\"https:\/\/humboldt-greifswald.de\/web\/wp-content\/uploads\/2025\/09\/Schulordnung-ab-01.08.2025-1.pdf\" class=\"elementor-icon\" tabindex=\"-1\" aria-label=\"Hausordnung\">\n\t\t\t\t<i aria-hidden=\"true\" class=\"far fa-file\"><\/i>\t\t\t\t<\/a>\n\t\t\t<\/div>\n\t\t\t\n\t\t\t\t\t\t<div class=\"elementor-icon-box-content\">\n\n\t\t\t\t\t\t\t\t\t<h4 class=\"elementor-icon-box-title\">\n\t\t\t\t\t\t<a href=\"https:\/\/humboldt-greifswald.de\/web\/wp-content\/uploads\/2025\/09\/Schulordnung-ab-01.08.2025-1.pdf\" >\n\t\t\t\t\t\t\tHausordnung\t\t\t\t\t\t<\/a>\n\t\t\t\t\t<\/h4>\n\t\t\t\t\n\t\t\t\t\n\t\t\t<\/div>\n\t\t\t\n\t\t<\/div>\n\t\t\t\t\t\t<\/div>\n\t\t\t\t<\/div>\n\t\t\t\t\t<\/div>\n\t\t\t\t<\/div>\n\t\t\t\t<\/div>\n\t\t","protected":false},"excerpt":{"rendered":"<p>Informationen der Schulleitung zum Schuljahr 2025\/26 Greifswald, den 1.9.2025 Liebe Sch\u00fclerinnen und Sch\u00fcler, liebe Eltern, wie schon in den vergangenen Jahren m\u00f6chte ich Sie als Schulleiter des A.-v.-Humboldt-Gymnasiums \u00fcber Neuigkeiten, wichtige Ver\u00e4nderungen und Ereignisse an unserer Schule zum Schuljahresbeginn kurz &hellip; <\/p>\n","protected":false},"author":1,"featured_media":0,"parent":0,"menu_order":0,"comment_status":"closed","ping_status":"closed","template":"","meta":{"footnotes":""},"class_list":["post-14189","page","type-page","status-publish","hentry"],"_links":{"self":[{"href":"https:\/\/humboldt-greifswald.de\/web\/wp-json\/wp\/v2\/pages\/14189","targetHints":{"allow":["GET"]}}],"collection":[{"href":"https:\/\/humboldt-greifswald.de\/web\/wp-json\/wp\/v2\/pages"}],"about":[{"href":"https:\/\/humboldt-greifswald.de\/web\/wp-json\/wp\/v2\/types\/page"}],"author":[{"embeddable":true,"href":"https:\/\/humboldt-greifswald.de\/web\/wp-json\/wp\/v2\/users\/1"}],"replies":[{"embeddable":true,"href":"https:\/\/humboldt-greifswald.de\/web\/wp-json\/wp\/v2\/comments?post=14189"}],"version-history":[{"count":19,"href":"https:\/\/humboldt-greifswald.de\/web\/wp-json\/wp\/v2\/pages\/14189\/revisions"}],"predecessor-version":[{"id":16124,"href":"https:\/\/humboldt-greifswald.de\/web\/wp-json\/wp\/v2\/pages\/14189\/revisions\/16124"}],"wp:attachment":[{"href":"https:\/\/humboldt-greifswald.de\/web\/wp-json\/wp\/v2\/media?parent=14189"}],"curies":[{"name":"wp","href":"https:\/\/api.w.org\/{rel}","templated":true}]}}

Übergreifende Informationen der Schulleitung

<div data-elementor-type="wp-page" data-elementor-id="14189" class="elementor elementor-14189">
				<div class="elementor-element elementor-element-e6e7ecc e-flex e-con-boxed e-con e-parent" data-id="e6e7ecc" data-element_type="container" data-e-type="container">
					<div class="e-con-inner">
				<div class="elementor-element elementor-element-71cce60 thim-ekits-post__thumbnail-position-none feature-one-post-no elementor-widget elementor-widget-thim-ekits-list-blog" data-id="71cce60" data-element_type="widget" data-e-type="widget" data-widget_type="thim-ekits-list-blog.default">
				<div class="elementor-widget-container">
								<div class="thim-ekits-post">
				<div class="thim-ekits-post__inner">
							<div class="thim-ekits-post__article post-16268 post type-post status-publish format-standard has-post-thumbnail hentry category-info-schuljahresbeginn">
							
						<div class="thim-ekits-post__content">
				<h3 class="thim-ekits-post__title">
		<a href="https://humboldt-greifswald.de/web/informationsveranstaltungen-und-tag-der-offenen-tuer-im-januar-2026/" >
			Informationsveranstaltungen und Tag der Offenen Tür im Januar 2026		</a>
		</h3>
		
		<div class="thim-ekits-post__excerpt">
			Sehr geehrte Eltern, liebe Schülerinnen und Schüler, in wenigen Wochen stehen Sie, liebe Eltern, steht ihr, liebe Schüler vor einer sehr wichtigen Entscheidung. Es geht um die Entscheidung, ob Du eine Schule besuchen willst, die zur Berufs- bzw. Mittleren Reife &hellip;		</div>

				<a class="thim-ekits-post__read-more"
		   href="https://humboldt-greifswald.de/web/informationsveranstaltungen-und-tag-der-offenen-tuer-im-januar-2026/" >
			Weiterlesen »					</a>
				</div>
							</div>
				<div class="thim-ekits-post__article post-16219 post type-post status-publish format-standard has-post-thumbnail hentry category-schulleitung">
							
						<div class="thim-ekits-post__content">
				<h3 class="thim-ekits-post__title">
		<a href="https://humboldt-greifswald.de/web/neue-informations-praesentationen-fuer-unseren-schulzweig-hochbegabung-verfuegbar/" >
			Neue Informations-Präsentationen für unseren Schulzweig Hochbegabung verfügbar		</a>
		</h3>
		
		<div class="thim-ekits-post__excerpt">
			Schauen Sie gern in die neuen Präsentationen der Schule sowie des Schulpsychologischen Dienstes!		</div>

				<a class="thim-ekits-post__read-more"
		   href="https://humboldt-greifswald.de/web/neue-informations-praesentationen-fuer-unseren-schulzweig-hochbegabung-verfuegbar/" >
			Weiterlesen »					</a>
				</div>
							</div>
				<div class="thim-ekits-post__article post-16194 post type-post status-publish format-standard hentry category-info-schuljahresbeginn category-schulleitung">
							
						<div class="thim-ekits-post__content">
				<h3 class="thim-ekits-post__title">
		<a href="https://humboldt-greifswald.de/web/aktualisierte-infos-zum-schulzweig-hochbegabung-verfuegbar/" >
			Schulzweig Hochbegabung lädt ein: Infoveranstaltung am Di., 30.09.2025, 19:00 im Saal &#8211; Und: Aktualisierte Dokumente jetzt online!		</a>
		</h3>
		
		<div class="thim-ekits-post__excerpt">
			Weitere Details sind jetzt auf unserer Seite &#8222;Informationen zum Einstieg&#8220; zu finden!		</div>

				<a class="thim-ekits-post__read-more"
		   href="https://humboldt-greifswald.de/web/aktualisierte-infos-zum-schulzweig-hochbegabung-verfuegbar/" >
			Weiterlesen »					</a>
				</div>
							</div>
						</div>
			</div>

							</div>
				</div>
					</div>
				</div>
		<div class="elementor-element elementor-element-53fe12d e-flex e-con-boxed e-con e-parent" data-id="53fe12d" data-element_type="container" data-e-type="container">
					<div class="e-con-inner">
				<div class="elementor-element elementor-element-1a6ad66 elementor-widget elementor-widget-heading" data-id="1a6ad66" data-element_type="widget" data-e-type="widget" data-widget_type="heading.default">
				<div class="elementor-widget-container">
					<h4 class="elementor-heading-title elementor-size-default">Stunden- und Pausenzeiten</h4>				</div>
				</div>
				<div class="elementor-element elementor-element-829f092 elementor-widget elementor-widget-image" data-id="829f092" data-element_type="widget" data-e-type="widget" data-widget_type="image.default">
				<div class="elementor-widget-container">
															<img decoding="async" src="https://humboldt-greifswald.de/web/wp-content/uploads/2023/08/Pausen-und-Stundenzeiten-AvH-650x250.png" title="Pausen- und Stundenzeiten AvH" alt="Pausen- und Stundenzeiten AvH" loading="lazy" />															</div>
				</div>
				<div class="elementor-element elementor-element-9b3966d elementor-position-inline-start elementor-view-default elementor-mobile-position-block-start elementor-widget elementor-widget-icon-box" data-id="9b3966d" data-element_type="widget" data-e-type="widget" data-widget_type="icon-box.default">
				<div class="elementor-widget-container">
							<div class="elementor-icon-box-wrapper">

						<div class="elementor-icon-box-icon">
				<a href="https://humboldt-greifswald.de/web/wp-content/uploads/2023/08/Schulinterne_Stundentafel_ab_19_20.pdf" class="elementor-icon" tabindex="-1" aria-label="Schulinterne Stundentafel">
				<i aria-hidden="true" class="far fa-file"></i>				</a>
			</div>
			
						<div class="elementor-icon-box-content">

									<h4 class="elementor-icon-box-title">
						<a href="https://humboldt-greifswald.de/web/wp-content/uploads/2023/08/Schulinterne_Stundentafel_ab_19_20.pdf" >
							Schulinterne Stundentafel						</a>
					</h4>
				
				
			</div>
			
		</div>
						</div>
				</div>
				<div class="elementor-element elementor-element-4924d70 elementor-position-inline-start elementor-view-default elementor-mobile-position-block-start elementor-widget elementor-widget-icon-box" data-id="4924d70" data-element_type="widget" data-e-type="widget" data-widget_type="icon-box.default">
				<div class="elementor-widget-container">
							<div class="elementor-icon-box-wrapper">

						<div class="elementor-icon-box-icon">
				<a href="https://humboldt-greifswald.de/web/wp-content/uploads/2025/09/Schulordnung-ab-01.08.2025-1.pdf" class="elementor-icon" tabindex="-1" aria-label="Hausordnung">
				<i aria-hidden="true" class="far fa-file"></i>				</a>
			</div>
			
						<div class="elementor-icon-box-content">

									<h4 class="elementor-icon-box-title">
						<a href="https://humboldt-greifswald.de/web/wp-content/uploads/2025/09/Schulordnung-ab-01.08.2025-1.pdf" >
							Hausordnung						</a>
					</h4>
				
				
			</div>
			
		</div>
						</div>
				</div>
					</div>
				</div>
				</div>

<p>Informationen der Schulleitung zum Schuljahr 2025/26 Greifswald, den 1.9.2025 Liebe Schülerinnen und Schüler, liebe Eltern, wie schon in den vergangenen Jahren möchte ich Sie als Schulleiter des A.-v.-Humboldt-Gymnasiums über Neuigkeiten, wichtige Veränderungen und Ereignisse an unserer Schule zum Schuljahresbeginn kurz &hellip; </p>
